e
Is 36761987 prime?
True
Is 3177077 composite?
False
Is 418935367 composite?
True
Is 19226351 prime?
False
Is 23041097 a composite number?
False
Is 3766663 a composite number?
False
Is 5838419 a prime number?
True
Is 11595437 a prime number?
False
Is 1942841 composite?
False
Is 4175867 prime?
True
Is 79385945 composite?
True
Is 58710199 a prime number?
True
Is 16045663 composite?
False
Is 8181193 a prime number?
True
Is 19222279 prime?
True
Is 2841283 a prime number?
True
Is 24295835 a composite number?
True
Is 202899497 a composite number?
False
Is 33155971 a composite number?
True
Is 934798 a prime number?
False
Is 22664651 a composite number?
True
Is 78936031 a prime number?
False
Is 271627 a composite number?
True
Is 1164023 a composite number?
True
Is 236137 a composite number?
True
Is 121864459 prime?
True
Is 11679953 composite?
True
Is 24152257 a prime number?
False
Is 29915383 composite?
False
Is 705197 a composite number?
False
Is 480043 a composite number?
False
Is 43750297 a composite number?
True
Is 697154803 a prime number?
True
Is 30828553 composite?
True
Is 1816511 composite?
False
Is 36154607 a composite number?
True
Is 17699701 composite?
False
Is 40337441 a prime number?
True
Is 489168719 prime?
False
Is 733553719 a composite number?
True
Is 1479643 prime?
False
Is 13988267 a composite number?
True
Is 8570749 prime?
False
Is 146826269 a composite number?
False
Is 6832209 composite?
True
Is 366963 prime?
False
Is 10516397 a composite number?
False
Is 34553743 prime?
False
Is 108245671 a composite number?
False
Is 32845229 prime?
True
Is 110459 a prime number?
True
Is 269054723 a prime number?
False
Is 368219261 a composite number?
False
Is 339302177 a prime number?
True
Is 7414879 composite?
False
Is 4192667 a prime number?
True
Is 10749703 prime?
True
Is 4085579 composite?
False
Is 20366803 a prime number?
False
Is 4067939 composite?
False
Is 9486041 a composite number?
False
Is 93636649 composite?
False
Is 1262689 prime?
False
Is 201333233 prime?
False
Is 18199169 a composite number?
True
Is 81267037 prime?
True
Is 109997 composite?
True
Is 46433 prime?
False
Is 570007 a composite number?
True
Is 58657337 prime?
False
Is 9309809 a prime number?
True
Is 61995259 composite?
False
Is 2506991 prime?
True
Is 5050447 prime?
False
Is 74256827 composite?
False
Is 1015907 composite?
False
Is 2273303 a prime number?
True
Is 169372199 a prime number?
False
Is 60946107 a composite number?
True
Is 345793159 composite?
True
Is 24637687 a prime number?
True
Is 13762571 a composite number?
True
Is 28143239 composite?
False
Is 397711313 composite?
False
Is 7183895 prime?
False
Is 2065517 composite?
True
Is 56978633 a prime number?
False
Is 7633258 composite?
True
Is 11271947 a composite number?
False
Is 13872137 a composite number?
False
Is 98308781 a composite number?
True
Is 275982457 prime?
True
Is 17114338 a prime number?
False
Is 1179109 a prime number?
True
Is 4971323 a composite number?
True
Is 4895465 prime?
False
Is 943967 composite?
False
Is 7843163 composite?
True
Is 16263631 composite?
False
Is 109458193 composite?
True
Is 4131443 a composite number?
False
Is 602137 prime?
True
Is 22308241 a composite number?
True
Is 6319403 a prime number?
True
Is 7935041 a prime number?
True
Is 80525747 a prime number?
False
Is 4336657 a composite number?
True
Is 2375707 prime?
False
Is 22187213 a prime number?
True
Is 75979835 a composite number?
True
Is 7510433 a composite number?
True
Is 11456931 composite?
True
Is 1557823 a composite number?
False
Is 737003 prime?
False
Is 704298349 a prime number?
True
Is 11588959 composite?
False
Is 3585731 prime?
False
Is 5881567 composite?
False
Is 20081671 composite?
False
Is 104603 composite?
True
Is 1819303 composite?
True
Is 14352241 composite?
True
Is 3672307 a prime number?
True
Is 289786411 a composite number?
False
Is 41724389 prime?
False
Is 21399011 a composite number?
False
Is 234363167 composite?
True
Is 174540907 a prime number?
True
Is 243237931 a prime number?
False
Is 1895863 a composite number?
True
Is 322036861 a prime number?
True
Is 519669559 composite?
False
Is 34538027 a prime number?
True
Is 228474041 a prime number?
True
Is 55371269 prime?
False
Is 16564153 prime?
False
Is 31563709 a prime number?
False
Is 16199971 prime?
True
Is 5206147 a composite number?
False
Is 3463861 prime?
True
Is 4832929 a composite number?
False
Is 10409183 composite?
False
Is 220705103 a composite number?
False
Is 647074354 a composite number?
True
Is 260383217 prime?
False
Is 143387 composite?
False
Is 155905781 composite?
False
Is 205373533 prime?
True
Is 273043 a prime number?
True
Is 540343 a composite number?
False
Is 81937031 prime?
False
Is 13298723 prime?
True
Is 21464671 prime?
True
Is 7314773 prime?
False
Is 825733 prime?
True
Is 732601 a composite number?
False
Is 1141003 prime?
False
Is 10901337 a prime number?
False
Is 1034112785 prime?
False
Is 7171337 a prime number?
True
Is 407621 a prime number?
True
Is 259885931 prime?
True
Is 922993 prime?
True
Is 2633089 prime?
False
Is 162276497 composite?
False
Is 3840937 prime?
False
Is 170602097 a composite number?
False
Is 85343021 a prime number?
True
Is 29541891 prime?
False
Is 512960047 composite?
False
Is 625793 prime?
False
Is 21615259 a composite number?
True
Is 32469061 a prime number?
True
Is 720101 a composite number?
False
Is 167392261 prime?
False
Is 68611099 a composite number?
True
Is 41627981 a prime number?
False
Is 22934 a prime number?
False
Is 19087787 composite?
True
Is 79743857 prime?
True
Is 46828967 a composite number?
True
Is 2092019 a composite number?
False
Is 66756359 composite?
False
Is 1812509 composite?
False
Is 136824439 a prime number?
True
Is 2628401 a composite number?
False
Is 45103489 a prime number?
True
Is 1445657 a composite number?
False
Is 8020903 prime?
False
Is 2368279 prime?
False
Is 6085627 composite?
False
Is 4614479 a prime number?
True
Is 19395197 prime?
True
Is 32373839 composite?
True
Is 12147295 a composite number?
True
Is 92620871 a composite number?
True
Is 1164903 prime?
False
Is 12874007 a composite number?
False
Is 3031383 a prime number?
False
Is 176194219 a prime number?
False
Is 11862767 a prime number?
False
Is 12933223 a prime number?
True
Is 689937935 a prime number?
False
Is 30894151 a prime number?
False
Is 9596833 a prime number?
False
Is 8005841 a composite number?
False
Is 24241159 a prime number?
True
Is 746276977 composite?
False
Is 2352499 composite?
True
Is 5661482 a prime number?
False
Is 16564399 a composite number?
True
Is 2726621 a composite number?
True
Is 36322621 prime?
True
Is 8696837 prime?
True
Is 19458107 composite?
False
Is 69928937 composite?
True
Is 1542433 a prime number?
True
Is 19058419 composite?
False
Is 4506349 prime?
True
Is 729739 prime?
False
Is 1519121 a prime number?
True
Is 31333795 prime?
False
Is 18867733 a composite number?
True
Is 47472827 a prime number?
True
Is 355808339 a composite number?
False
Is 2414143 a composite number?
True
Is 73142249 a composite number?
True
Is 9285493 a composite number?
True
Is 329136239 prime?
False
Is 597127 a prime number?
True
Is 68258557 prime?
True
Is 702375189 prime?
False
Is 729959647 composite?
False
Is 9204695 composite?
True
Is 470755 a composite number?
True
Is 10443562 a prime number?
False
Is 8147847 a prime number?
False
Is 35749061 prime?
False
Is 163407535 a composite number?
True
Is 28527193 prime?
False
Is 3943837 a prime number?
False
Is 58091281 a prime number?
False
Is 562299047 prime?
True
Is 1212527 composite?
True
Is 17371063 prime?
True
Is 51781 composite?
True
Is 16312501 a composite number?
True
Is 8191463 composite?
True
Is 12584711 a composite number?
False
Is 20024623 a prime number?
False
Is 1106741 prime?
True
Is 84811027 prime?
False
Is 43722101 a composite number?
False
Is 1667671 composite?
True
Is 13230169 prime?
True
Is 43225355 composite?
True
Is 2905303 a prime number?
True
Is 250469939 a prime number?
True
Is 24656711 prime?
True
Is 863983 a composite number?
False
Is 797485033 a composite number?
False
Is 38263061 a prime number?
True
Is 161659 a composite number?
False
Is 195029 composite?
False
Is 10609219 a composite number?
False
Is 119804693 a composite number?
Tr